rmine u(w).
6
Let a be (-39)/(-104) - 99/8. Let g be (18/a)/(6/4). Let d(r) = -6*r. What is d(g)?
6
Let f(z) = -4*z**2 - 9*z**3 + 10*z**3 - 3*z + 78 - z - 83. Calculate f(5).
0
Let l(m) = -m**2 - m - 3. Let r(z) = z**3 + 6*z**2 + 6*z + 3. Let d be r(-5). What is l(d)?
-5
Suppose 0 = -2*z + 3 + 1. Suppose 9*m - 4 = 8*m. Let y(s) = -11*s + m*s - 1 + 1 + 3. Determine y(z).
-11
Let t(z) = -60 + 117 - 45 + z. Suppose 0 = -7*a + a - 42. Determine t(a).
5
Let f(v) = -11*v - 23. Let t be f(-11). Let h = -96 + t. Let z(k) = 4*k**2 + 3*k - 2. Determine z(h).
20
Let j(n) be the third derivative of 14*n**2 + 0 + 0*n - 1/12*n**4 - 13/6*n**3. Calculate j(-9).
5
Suppose -3*h + 6 = -3*n, -5*h + 2*n - 2 = -9. Let c(l) = 5*l + 0*l + 1 + 0. Give c(h).
6
Let q = 434 + -421. Suppose -5*w + 3*w + 4 = 0, 5*c = 5*w - 85. Let j = q + c. Let x(g) = -g**3 - 2*g**2 + 3*g + 3. Give x(j).
-3
Let k(n) = -n**2 - 5*n. Let d(j) = -j**3 - 11*j**2 + 13*j - 16. Let v be d(-12). Suppose 176 = 16*b - 8*b. Let h = v + b. Give k(h).
-6
Let g = 141 - 131. Let a be 4/g + 6/(-75)*-20. Let l(n) = -n**3 + 4*n**2 + n + 1. Give l(a).
11
Let k(c) = 3*c**2 - 10*c - 5. Suppose 5 - 2 = 3*n. Let h be (-9)/(4/2 - n). Let y(m) = 7*m**2 - 21*m - 10. Let i(r) = h*k(r) + 4*y(r). Give i(-5).
0
Let f(x) = 7*x - 50. Let d be f(10). Let p be 6 + ((-6)/(-9) - d/12). Let k(o) = o**2 - 7*o - 4. Determine k(p).
-14
Let s(m) = 2*m**3 - 12*m**2 - 3*m + 20. Let b(p) = 5*p**3 - 24*p**2 - 4*p + 43. Let j(l) = 3*b(l) - 7*s(l). Give j(-11).
11
Let p(t) be the first derivative of -t**2/2 - 5*t + 169. Determine p(4).
-9
Let l(c) be the second derivative of -1/3*c**3 + 0 + 16*c - 9/2*c**2 + 1/20*c**5 + 7/12*c**4. Calculate l(-7).
5
Let o(h) = h**3 - 4*h**2 - 5*h - 7. Let n be 4 - 4 - (5 + -15 + 5). Calculate o(n).
-7
Let k(f) = 20*f + 14. Suppose -5*s + 0 + 26 = -2*n, 3*n = -2*s + 18. Let g(r) = 7*r + 5. Let a(t) = s*k(t) - 17*g(t). Determine a(-7).
-8
Let l(u) = -u**2 + 9*u + 11. Let i be l(9). Suppose -i = 5*n - 46. Let f(a) = -3*a + 3. What is f(n)?
-18
Suppose 4*u + 2*x + 20 = 0, 0 = -4*u + x - 29 - 3. Let g(z) = -3*z + 5. What is g(u)?
26
Let r(q) = q**2 + 1. Let n(s) = -s + 1. Let u(w) = 2*w**2 + 2*w - 1. Let t(m) = 2*n(m) - u(m). Let l be t(1). What is r(l)?
10
Let t(u) = -3*u**3 - 2*u**2 + u. Let r(i) = 12*i**2 - 1. Let m be r(-1). Suppose -20 = 7*y - m*y. Suppose 3*h = 8*h - y. Calculate t(h).
-4
Let r be (0 - -1 - -1) + (12 - 2). Suppose 3*t = 5*p - r, 3*t + 14 = p + 2. Let j(b) = b**3 - b**2 - 8. Determine j(p).
-8
Suppose 6 = -12*y + 13*y. Suppose -27*n = -30*n + y. Let h(q) = -q**3 + 4*q**2 - 2*q - 2. Calculate h(n).
2
Let l(i) be the third derivative of i**5/60 - 5*i**4/6 + 37*i**3/6 - 221*i**2. What is l(18)?
1
Let l(z) = z**2 - 6*z + 1. Suppose w = -2*r + 11, 10*r - 11*r - 3*w + 3 = 0. Determine l(r).
1
Let x = 1368 - 1365. Let p(r) = -2*r + 4. Calculate p(x).
-2
Let k = -101 - -69. Let m = 33 + k. Let z(x) = -7*x**2 + 2*x - 1. Determine z(m).
-6
Let w = 958 + -959. Let u(z) = -28*z. Determine u(w).
28
Let x(c) be the third derivative of -1/60*c**5 - 4*c + 1/4*c**4 - c**2 + 0 - 1/3*c**3. Calculate x(4).
6
Let d(p) be the third derivative of p**8/4032 - p**7/2520 - 11*p**5/20 + 2*p**2. Let c(f) be the third derivative of d(f). What is c(2)?
16
Let l(h) = h**3 - 5*h**2 + 3*h - 9. Let r = -43 - -48. Let p be l(r). Let z(s) = 4*s**2 + s**2 - 3*s - 1 + 2 + 10*s - s**3. Determine z(p).
7
Let i(t) = -2*t - 4. Let x be (1/(-2))/(3/(-174)). Let u = -32 + x. What is i(u)?
2
Suppose -72 = -27*s + 9*s. Let w(l) = -3*l + 1. Give w(s).
-11
Suppose 0 = 2*w + 3*u - 3, 3*w + 0*u + 2*u = -8. Let i(q) = -9 - 2*q - q + 0*q. What is i(w)?
9
Let d be (-69)/9 + 22/33. Let y(q) = q - 2. Calculate y(d).
-9
Suppose -2*o + 14 = d, -o = 2*o + 2*d - 23. Suppose o*l = -5*g + l + 30, 5*g - 3*l = -5. Let q(x) = -1 - 8*x**g + x**2 + 2*x**2 - x**3 - 2*x. Determine q(-4).
-9
Let b = -1 - -4. Let d(k) = k**2 + 3*k + 6. Let j be d(3). Suppose -b*v - v = -j. Let y(z) = 2*z - 9. Determine y(v).
3
Let w(k) = -k**3 - 3*k**2 - k + 3. Let u(h) = -h**3 - 4*h**2 - 23*h - 63. Let b be u(-3). Give w(b).
6
Let a(g) = g**3 - 2 - g**2 + g**2 - 6*g - 2*g**2 + 5*g**2. Suppose 0*w = -w + 2. Let k be (-11 + w)/3 + -1. Determine a(k).
6
Let m(y) = -2*y + 5. Let l(u) = -3*u + 55. Let s be l(19). What is m(s)?
9
Let n(x) be the first derivative of -1/4*x**4 - 1/3*x**3 - 13*x - 1/2*x**2 - 2. Calculate n(0).
-13
Let a(g) = 3*g**2 + 4*g + 4. Let q(f) = -4*f**2 - 6*f - 6. Let d(i) = -7*a(i) - 5*q(i). Suppose -3*w + 0*w - 3 = 0. Let k be (-1)/w + (4 - 1). What is d(k)?
-6
Let u(v) = v**3 - 8*v**2 - 12*v + 25. Suppose 108 = 360*j - 348*j. Calculate u(j).
-2
Let a(h) be the third derivative of h**5/60 + 5*h**4/6 - 5*h**3 - 135*h**2 + 2*h. What is a(-21)?
-9
Suppose -6*b + 30 = -b. Let w(i) be the third derivative of -i**4/8 + i**3/2 - i**2 - 279*i. Calculate w(b).
-15
Let p(i) = -i**3 - 11*i**2 + 13*i + 10. Let q = 1847 + -1859. Calculate p(q).
-2
Let g(a) = 20 + 26 - 49 + 4*a**2 + a**3 + a. Calculate g(-3).
3
Let i(c) = -1 - c**3 - 2 + 6*c - 12*c**2 - 5 + 17*c**2. Give i(5).
22
Suppose 0 = w + z + 6, 0 = -9*w + 4*w - 4*z - 25. Let y(n) = 12*n + 1. Determine y(w).
-11
Suppose -n - 15 = -0*k - 5*k, -4*k = -4*n + 4. Let h(y) = k*y + 1 + 0*y - 6*y - 6*y. Let s be ((-18)/(-54))/(2/12). Determine h(s).
-15
Let l be (6 - 5)*(-1 - 3). Let j = 11 + l. Suppose 5*s = j*s. Let n(r) = r**3 + r**2 - r + 14. What is n(s)?
14
Let k(g) = 1757*g + 1 - 1757*g - 11*g**3. Suppose 2*u = -0 - 6, -3*u = q + 3. Suppose q*b - 3*b + 3 = 0. Calculate k(b).
12
Suppose 2*f + 5*n = 3*n + 2, -5*n = 5. Let y(u) = -3*u**3 + 2*u**2 + 2*u - 3. Determine y(f).
-15
Let u(q) = -q**2 - 3*q - 3. Let h(t) = -t**2 - t + 10. Let i be h(-4). Determine u(i).
-1
Let x(b) = 2*b + 4. Let p be (-5 - 16)*(-6)/9. Suppose -u = 3*l + 1 - 5, u - 3*l = -p. Calculate x(u).
-6
Let u = -311 - -314. Let p(a) = a - 1. Give p(u).
2
Let t(m) = 2*m + 1. Suppose 0 = -5*c + 22 - 2. Suppose -264*x = -262*x - 4. Suppose c*j - 4 = -2*z, 3*z = -j - j - x. Give t(j).
5
Let n(g) be the second derivative of -g**4/12 - g**3/2 + g**2 - 2*g. Suppose -4*c - l - 9 = 0, 0 = 4*c - 134*l + 139*l - 3. Calculate n(c).
2
Let k(a) = -a**2 + 21*a - 16. Let d be -7*(-9)/126*40. Determine k(d).
4
Let q be (-57)/(-38)*(-1 + (-34)/(-6)). Suppose 2*j - q = 5. Let f(x) = -x. Let k(u) = -u**2 + 12*u + 5. Let v(n) = 5*f(n) + k(n). Determine v(j).
11
Let x(u) = 10*u**2 + 2*u - 1. Let r(g) = g - 4 + 0*g - 4. Let z be r(12). Suppose 5 = -3*o - z*w, 2*w + w = -4*o - 2. Calculate x(o).
11
Suppose 0 = 2*g + 3*t, -2*g + 2*t = 7*t + 4. Let h(d) = 52*d**2 + 49*d**2 + 49*d**2 + 1 - 149*d**2. Calculate h(g).
10
Let f(b) = 3*b - 2*b - 41 + 36. Let o(k) = 1. Let v(u) = -f(u) - 5*o(u). Let z = -7 - -12. What is v(z)?
-5
Let l(y) = 2*y**2 + 5*y + 2*y**2 + 0*y**3 - y**3. Suppose 7 + 3 = 2*c. Suppose 20 = c*g - g. Give l(g).
0
Let b = -42 + 45. Suppose 2*z = -2*g - 0*z - 2, 3*g + z + b = 0. Let x(q) = -2*q + 1. Calculate x(g).
3
Let c(v) = v**2 + 6*v + 11. Let k be c(-8). Let z(l) = 2*l**2 - 2*l - 4. Let o be z(3). Let u be k/12*o/3. Let q(r) = -r**2 + 5*r - 1. Determine q(u).
-7
Let u(g) = -g**3 - 6*g**2 - 170*g - 828. Let x be u(-5). Let i(n) be the first derivative of -n**4/4 - 5*n**3/3 - 2*n**2 + n + 1. Give i(x).
-5
Let u(m) = -6*m + 1. Let h(k) = k. Let n(o) = -23*o + 3. Let q(j) = 6*h(j) + n(j). Let l(z) = 3*q(z) - 8*u(z). Let t be (-27)/(-9) + 7/((-21)/6). Give l(t).
-2
Let d(r) = -3*r. Suppose 7*u - 689 = -703. Calculate d(u).
6
Let p = 166 - 169. Let t(i) be the second derivative of i**3 + i**2/2 + i. Calculate t(p).
-17
Let s(d) = -d**2 + 4*d + 1. Let b be s(3). Let l = b + -1. Let g(v) = -4*v - l*v**2 + v**2 + 3*v**2 + v**3 - 3*v**2 - 1. Calculate g(4).
15
Let b(f) = f**3 - f**2 - f + 1. Let l(h) = -h**3 + 9*h**2 - 8*h - 17. Let x(j) = 2*b(j) + l(j). Calculate x(-8).
1
Suppose 0 = -12*d + 9*d + 42. Let i = 17 - d. Suppose -i = -3*w - 21. Let r(a) = -a**3 - 7*a**2 - 8*a - 7. What is r(w)?
5
Let i(h) = -2*h**2 + 7*h + 3. Let l(p) be the second derivative of p**4/12 - p**3 - p**2 - 16*p. Let o(g) = 2*i(g) + 3*l(g). What is o(-6)?
-12
Let n = -14 - -17. Let c be (-5)/(-4) - 24/(-32). Let a(i) = 4*i**2 + 4*i + 2*i**c - n*i**2 - 3*i**3 + 6*i**3 + 3. Determine a(